r when 1377 is divided by 56?
33
Calculate the remainder when 408 is divided by 35.
23
Calculate the remainder when 1279 is divided by 8.
7
What is the remainder when 156 is divided by 43?
27
Calculate the remainder when 479 is divided by 15.
14
What is the remainder when 397 is divided by 31?
25
Calculate the remainder when 1048 is divided by 85.
28
Calculate the remainder when 310 is divided by 71.
26
Calculate the remainder when 109 is divided by 57.
52
Calculate the remainder when 2967 is divided by 110.
107
What is the remainder when 152 is divided by 53?
46
What is the remainder when 183 is divided by 34?
13
Calculate the remainder when 336 is divided by 29.
17
What is the remainder when 283 is divided by 26?
23
Calculate the remainder when 291 is divided by 6.
3
Calculate the remainder when 167 is divided by 41.
3
Calculate the remainder when 2763 is divided by 17.
9
Calculate the remainder when 1427 is divided by 61.
24
Calculate the remainder when 748 is divided by 153.
136
Calculate the remainder when 1745 is divided by 83.
2
Calculate the remainder when 18010 is divided by 228.
226
Calculate the remainder when 279 is divided by 51.
24
Calculate the remainder when 27 is divided by 19.
8
What is the remainder when 1966 is divided by 488?
14
Calculate the remainder when 807 is divided by 91.
79
What is the remainder when 4759 is divided by 4759?
0
Calculate the remainder when 216 is divided by 44.
40
What is the remainder when 44 is divided by 23?
21
Calculate the remainder when 1099 is divided by 283.
250
What is the remainder when 7160 is divided by 31?
30
Calculate the remainder when 173 is divided by 159.
14
Calculate the remainder when 18 is divided by 4.
2
Calculate the remainder when 1584 is divided by 26.
24
Calculate the remainder when 60 is divided by 21.
18
Calculate the remainder when 2319 is divided by 117.
96
What is the remainder when 529 is divided by 6?
1
What is the remainder when 15041 is divided by 301?
292
Calculate the remainder when 975 is divided by 58.
47
Calculate the remainder when 235 is divided by 49.
39
Calculate the remainder when 950 is divided by 929.
21
What is the remainder when 1094 is divided by 366?
362
What is the remainder when 327 is divided by 30?
27
What is the remainder when 46 is divided by 13?
7
Calculate the remainder when 215 is divided by 56.
47
Calculate the remainder when 82 is divided by 24.
10
What is the remainder when 41 is divided by 16?
9
Calculate the remainder when 464 is divided by 9.
5
Calculate the remainder when 2696 is divided by 90.
86
What is the remainder when 243 is divided by 118?
7
What is the remainder when 220 is divided by 42?
10
Calculate the remainder when 403 is divided by 103.
94
What is the remainder when 943 is divided by 4?
3
What is the remainder when 463 is divided by 51?
4
What is the remainder when 8131 is divided by 239?
5
What is the remainder when 460 is divided by 162?
136
Calculate the remainder when 206 is divided by 69.
68
Calculate the remainder when 199 is divided by 4.
3
What is the remainder when 2308 is divided by 29?
17
Calculate the remainder when 385 is divided by 190.
5
What is the remainder when 193 is divided by 14?
11
What is the remainder when 1198 is divided by 147?
22
What is the remainder when 2027 is divided by 29?
26
Calculate the remainder when 454 is divided by 82.
44
What is the remainder when 1559 is divided by 39?
38
What is the remainder when 418 is divided by 117?
67
What is the remainder when 853 is divided by 138?
25
Calculate the remainder when 1698 is divided by 476.
270
Calculate the remainder when 280 is divided by 57.
52
Calculate the remainder when 175 is divided by 92.
83
Calculate the remainder when 154 is divided by 52.
50
Calculate the remainder when 418 is divided by 21.
19
Calculate the remainder when 146 is divided by 47.
5
Calculate the remainder when 2608 is divided by 1299.
10
Calculate the remainder when 3674 is divided by 147.
146
Calculate the remainder when 50 is divided by 41.
9
What is the remainder when 141 is divided by 128?
13
Calculate the remainder when 12975 is divided by 16.
15
Calculate the remainder when 61 is divided by 16.
13
What is the remainder when 294 is divided by 8?
6
What is the remainder when 675 is divided by 3?
0
What is the remainder when 27297 is divided by 20?
17
Calculate the remainder when 1877 is divided by 57.
53
Calculate the remainder when 148 is divided by 9.
4
What is the remainder when 791 is divided by 206?
173
What is the remainder when 409 is divided by 106?
91
What is the remainder when 952 is divided by 290?
82
Calculate the remainder when 3963 is divided by 159.
147
What is the remainder when 1901 is divided by 197?
128
What is the remainder when 1927 is divided by 138?
133
Calculate the remainder when 303 is divided by 162.
141
What is the remainder when 1670 is divided by 19?
17
Calculate the remainder when 9 is divided by 5.
4
What is the remainder when 59022 is divided by 124?
122
Calculate the remainder when 24 is divided by 22.
2
What is the remainder when 1096 is divided by 387?
322
What is the remainder when 271 is divided by 82?
25
What is the remainder when 6757 is divided by 31?
30
Calculate the remainder when 9128 is divided by 55.
53
What is the remainder when 26 is divided by 20?
6
Calculate the remainder when 121 is divided by 117.
4
What is the remainder when 246 is divided by 25?
21
What is the remainder when 961 is divided by 35?
16
What is the remainder when 4345 is divided by 290?
285
What is the remainder when 135 is divided by 60?
15
What is the remainder when 2068 is divided by 122?
116
Calculate the remainder when 861 is divided by 72.
69
What is the remainder when 75 is divided by 11?
9
What is the remainder when 3208 is divided by 32?
8
Calculate the remainder when 12 is divided by 8.
4
What is the remainder when 92 is divided by 13?
1
Calculate the remainder when 508 is divided by 19.
14
Calculate the remainder when 655 is divided by 82.
81
What is the remainder when 93 is divided by 17?
8
Calculate the remainder when 2112 is divided by 34.
4
What is the remainder when 417 is divided by 84?
81
What is the remainder when 4199 is divided by 15?
14
Calculate the remainder when 2614 is divided by 2605.
9
Calculate the remainder when 172 is divided by 11.
7
Calculate the remainder when 239 is divided by 12.
11
What is the remainder when 49 is divided by 25?
24
What is the remainder when 302 is divided by 38?
36
What is the remainder when 373 is divided by 47?
44
Calculate the remainder when 164 is divided by 21.
17
What is the remainder when 988 is divided by 25?
13
What is the remainder when 11065 is divided by 31?
29
Calculate the remainder when 971 is divided by 140.
131
What is the remainder when 983 is divided by 284?
131
Calculate the remainder when 320 is divided by 33.
23
Calculate the remainder when 477 is divided by 240.
237
What is the remainder when 448 is divided by 66?
52
What is the remainder when 861 is divided by 36?
33
Calculate the remainder when 344 is divided by 25.
19
What is the remainder when 581 is divided by 19?
11
Calculate the remainder when 2554 is divided by 11.
2
Calculate the remainder when 8382 is divided by 43.
40
What is the remainder when 16511 is divided by 23?
20
What is the remainder when 544 is divided by 80?
64
Calculate the remainder when 619 is divided by 9.
7
Calculate the remainder when 84 is divided by 83.
1
What is the remainder when 1685 is divided by 65?
60
Calculate the remainder when 213 is divided by 27.
24
What is the remainder when 112 is divided by 38?
36
What is the remainder when 153 is divided by 40?
33
Calculate the remainder when 6822 is divided by 28.
18
What is the remainder when 553 is divided by 528?
25
Calculate the remainder when 130 is divided by 31.
6
Calculate the remainder when 84 is divided by 21.
0
Calculate the remainder when 194 is divided by 22.
18
Calculate the remainder when 119 is divided by 12.
11
What is the remainder when 144 is divided by 15?
9
Calculate the remainder when 237 is divided by 111.
15
What is the remainder when 182 is divided by 59?
5
What is the remainder when 177 is divided by 62?
53
Calculate the remainder when 359 is divided by 44.
7
